se 2, what is 1 - -10010100?
10010101
In base 14, what is -1 - 194?
-195
In base 9, what is 3 + 354?
357
In base 3, what is 21 - 200?
-102
In base 15, what is -dc - 0?
-dc
In base 7, what is 0 + 204?
204
In base 7, what is 2350 - -4?
2354
In base 10, what is -134 - -1?
-133
In base 3, what is 1100020 + 10?
1100100
In base 13, what is 6 + 25?
2b
In base 8, what is 3 + 1165?
1170
In base 9, what is 4 - 252?
-247
In base 14, what is -5 + 4a?
45
In base 4, what is -323133 - -1?
-323132
In base 10, what is -3 - 185?
-188
In base 4, what is 320 - -11?
331
In base 16, what is 31 - 0?
31
In base 16, what is 250 + 0?
250
In base 12, what is 1829 + 2?
182b
In base 13, what is 102 - -4?
106
In base 13, what is 20 - 2?
1b
In base 5, what is 4 + -104111?
-104102
In base 4, what is -12230 - 111?
-13001
In base 7, what is -10 + 466?
456
In base 16, what is 1 + 1bf?
1c0
In base 8, what is -77 + 25?
-52
In base 5, what is -22 + -112?
-134
In base 16, what is 6 - -f6?
fc
In base 4, what is 221221 + 0?
221221
In base 9, what is 1752 - -1?
1753
In base 3, what is 0 - -122?
122
In base 11, what is -11 - 14?
-25
In base 5, what is 1 + -100210?
-100204
In base 6, what is -301 + -32?
-333
In base 10, what is 4 + -146?
-142
In base 6, what is -2100 - 22?
-2122
In base 5, what is -10 - -2042?
2032
In base 14, what is -47 - 9?
-52
In base 12, what is 11 + 27?
38
In base 15, what is -2 - 32?
-34
In base 2, what is 101110011 - 10011?
101100000
In base 15, what is 10 + -1?
e
In base 15, what is -4e1 + -3?
-4e4
In base 10, what is 1 + -87?
-86
In base 6, what is 2 + 113?
115
In base 9, what is -221 + 14?
-206
In base 5, what is 4 - 43?
-34
In base 7, what is -5 + -26?
-34
In base 10, what is 211 - 1?
210
In base 2, what is 11100 + 10000010?
10011110
In base 8, what is -1 - -76?
75
In base 2, what is -11000110 + 110?
-11000000
In base 11, what is 272 + 0?
272
In base 13, what is -2 + -69?
-6b
In base 7, what is -43043 + -5?
-43051
In base 6, what is 1414 - -11?
1425
In base 13, what is 1293 - 3?
1290
In base 15, what is 1 - -2163?
2164
In base 15, what is a2 + 1?
a3
In base 14, what is aaa + 5?
ab1
In base 9, what is -1056 - -5?
-1051
In base 9, what is -106 - 1?
-107
In base 15, what is 2 + -e2?
-e0
In base 6, what is 1 + -1?
0
In base 16, what is -7 - c?
-13
In base 8, what is 3 - -1073?
1076
In base 5, what is 3 + 14433?
14441
In base 5, what is -223333 + 4?
-223324
In base 14, what is -1b2 - 4?
-1b6
In base 16, what is -4 + 8e4?
8e0
In base 7, what is 0 - -1602?
1602
In base 3, what is 2011002 + -100?
2010202
In base 9, what is -178 + -6?
-185
In base 11, what is 14 - 292?
-279
In base 3, what is -1 - -212001?
212000
In base 6, what is 3054 - -11?
3105
In base 6, what is -1 + 14524?
14523
In base 12, what is 115b - -3?
1162
In base 7, what is 3 + 26?
32
In base 7, what is 12 + 1?
13
In base 11, what is 2 + -15?
-13
In base 4, what is -3 + 1213210?
1213201
In base 11, what is -1431 + 3?
-1429
In base 12, what is -17 - -206?
1ab
In base 13, what is -40 - -5?
-38
In base 8, what is -100 + -64?
-164
In base 13, what is -b05 + 2?
-b03
In base 16, what is 2 - 5?
-3
In base 7, what is -1 + -12305?
-12306
In base 12, what is -3 - -34?
31
In base 12, what is -a8 + 2?
-a6
In base 2, what is 11 - 111111?
-111100
In base 3, what is 102 - 2?
100
In base 15, what is -34 + -6?
-3a
In base 6, what is 1041 - 4?
1033
In base 13, what is 67 - 2?
65
In base 12, what is -146 + -1?
-147
In base 3, what is -120110 + 10?
-120100
In base 15, what is 4 + b4?
b8
In base 6, what is -1 - -45?
44
In base 15, what is 4b4 + -2?
4b2
In base 9, what is -37 + 5?
-32
In base 10, what is 17 - 1427?
-1410
In base 8, what is -4001 + 4?
-3775
In base 8, what is 1563 + 4?
1567
In base 2, what is -1001011000101 + 100?
-1001011000001
In base 3, what is -100122 + 0?
-100122
In base 2, what is 111 + 1111?
10110
In base 11, what is 413 - -17?
42a
In base 9, what is 13420 - 5?
13414
In base 8, what is 1 - 50?
-47
In base 8, what is 1 - -22?
23
In base 3, what is 2 + 11002?
11011
In base 2, what is 0 - -1001101001?
1001101001
In base 6, what is 4 + 20?
24
In base 6, what is 11 + 41?
52
In base 9, what is -6 - 16?
-23
In base 15, what is d + -2?
b
In base 7, what is -5 + 146?
141
In base 11, what is -1 - 991?
-992
In base 9, what is 0 - -178?
178
In base 10, what is 12 + -56?
-44
In base 9, what is 411 - 8?
402
In base 10, what is 460 - -1?
461
In base 12, what is 23 - -3?
26
In base 3, what is 100 + 20002?
20102
In base 5, what is 31210 - -3?
31213
In base 9, what is -3 - -34?
31
In base 13, what is 2 + 1c6?
1c8
In base 2, what is 0 + -101110011?
-101110011
In base 2, what is 1 + -11000110011?
-11000110010
In base 6, what is -13554 - -3?
-13551
In base 8, what is -11 + -7?
-20
In base 16, what is 1 - -d?
e
In base 12, what is -662 - 7?
-669
In base 3, what is -22 + -2100?
-2122
In base 8, what is 17675 - 3?
17672
In base 5, what is -443124 - -4?
-443120
In base 4, what is -10 + -302?
-312
In base 16, what is -5 - b3?
-b8
In base 13, what is -aa2 - 2?
-aa4
In base 9, what is -330 - 0?
-330
In base 13, what is 7 + 11?
18
In base 11, what is -36 - -13?
-23
In base 13, what is 76 - -5?
7b
In base 3, what is 10 - 121000?
-120220
In base 9, what is -138 + 4?
-134
In base 5, what is -3 + -4121?
-4124
In base 8, what is 0 - -45?
45
In base 5, what is -4 + 0?
-4
In base 14, what is -c + -299?
-2a7
In base 16, what is 8d + 2?
8f
In base 8, what is -33 - 17?
-52
In base 10, what is 13 + -11?
2
In base 7, what is -14325 + 1?
-14324
In base 11, what is 0 - -4?
4
In base 6, what is 2 - -111?
113
In base 11, what is 29 + 148?
176
In base 11, what is -2 - -1184?
1182
In base 9, what is 562 - -34?
606
In base 5, what is 4 - 4241?
-4232
In base 8, what is -163 - -1?
-162
In base 13, what is 5 + -7c?
-77
In base 3, what is -2 + -2211?
-2220
In base 5, what is -4 + -1020?
-1024
In base 6, what is -103 - -4?
-55
In base 10, what is 2 + 284?
286
In base 4, what is -3 + -110?
-113
In base 5, what is 1 - -240?
241
In base 14, what is -5 - 2?
-7
In base 4, what is -12 + -333?
-1011
In base 16, what is 2 - d1f?
-d1d
In base 8, what is -3 - 1462?
-1465
In base 4, what is 21 - -32?
113
In base 3, what is 102 - -1?
110
In base 15, what is -4 + bec?
be8
In base 14, what is 72 + -1?
71
In base 7, what is 2 - -250?
252
In base 13, what is 3 + -22?
-1c
In base 3, what is 20022020 - -12?
20022102
In base 6, what is -140 + -11?
-151
In base 3, what is 110102 + 2?
110111
In base 5, what is -234214 + 0?
-234214
In base 12, what is 6874 + -5?
686b
In base 12, what is -2a - 1?
-2b
In base 16, what is -e + -64?
-72
In base 10, what is -5 + -700?
-705
In base 6, what is -254 - 314?
-1012
In base 2, what is -1 - -10110011101?
10110011100
In base 11, what is -209 + -53?
-261
In base 8, what is -5 + -3273?
-3300
In base 14, what is -4a + 34?
-16
In base 13, what is 23 - 20?
3
In base 6, what is -21 - -534?
513
In base 13, what is -6 + -5?
-b
In base 10, what is 0 + 44?
44
In base 14, what is 7 + 38?
41
In base 13, what is 4 - -21?
25
In base 9, what is -40 + 11?
-28
In base 2, what is -1 + -11011001000?
-11011001001
In base 11, what is -3 - 59?
-61
In base 6, what is 1341 - 2?
1335
In base 12, what is -30 + 5?
-27
In base 11, what is 5 - -190a?
1914
In base 10, what is -1 + -662?
-663
In base 7, what is 2 - 22?
-20
In base 2, what is 101 + 10100?
11001
In base 2, what is -100001101 + 11?
-100001010
In base 15, what is 11 + 3?
14
In base 12, what is -596 - -5?
-591
In base 15, what is 963 - -5?
968
In base 5, what is 114 - 0?
114
In base 3, what is -10 + -12101112?
-12101122
In base 2, what is 1 - 101001010?
-101001001
In base 4, what is 1322 + -1?
1321
In base 7, what is -5 + 1144?
1136
In base 16, what is -5 - -12b?
126
In base 5, what is -323 + -2102?
-2430
In base 8, what is 0 + 5177?
5177
In base 6, what is 1040 - -155?
1235
In base 15, what is 8 - -1?
9
In base 8, what is 1657 - -10?
1667
In base 11, what is -2 + -44?
-46
In base 3, what is 20212 - -11?
21000
In base 13, what is 80 + -43?
3a
In base 10, what is 6901 + -2?
6899
In base 8, what is 6 - 163?
-155
In base 15, what is 8 + -65?
-5c
In base 3, what is 2020202 + -11?
2020121
In base 11, what is 96 + -4?
92
In base 11, what is 1 - 57?
-56
In base 14, what is -5 - 45?
-4a
In base 3, what is 20 -